factor of 36 and r?
4
Suppose 58*c - 39*c = 1197. Calculate the highest common divisor of c and 168.
21
Let b(t) = -t - 18 + 5 + 1. Let f be b(-13). What is the greatest common factor of 4 and f?
1
Suppose -2*v = 3*s - 28 + 4, 5*v - 83 = 4*s. Calculate the greatest common factor of v and 1005.
15
Let v = 20 - 10. Suppose -20 = -15*w + v*w. Suppose s - 7 - w = -2*q, 4*s - 44 = -2*q. What is the greatest common divisor of 44 and s?
11
Suppose 2*t - 28 = 3*n - 4*n, -3*t = -4*n - 20. What is the greatest common factor of 72 and t?
12
Suppose -4*q + 4*j + 6 + 34 = 0, -q + 22 = -4*j. Suppose d = 3*d - 18. Suppose 4*m = -r - 16, -m = 2*r - 3*r + d. What is the greatest common factor of q and r?
2
Let k be (24/(-20))/((-3)/(-10)). Let u be 354/15 + k/(-10). What is the greatest common divisor of 12 and u?
12
Suppose 6*o - o - 9 = -3*l, 3*l + 3 = -o. Let c be (-1)/(o/(-78) + 0). Calculate the highest common divisor of c and 13.
13
Let v be -10 - (3 + -49 + 6). Suppose -3*j - 8 = -38. What is the greatest common factor of j and v?
10
Let w(z) = -z. Let t be w(-1). Suppose -11*i + 51 = -48. Let o be ((-4)/6)/((-3)/i). Calculate the highest common divisor of o and t.
1
Let j be (-6)/(-9) + (-7)/(42/4). Suppose -4*z + 28 = -2*t - 196, -z + 5*t + 74 = j. Calculate the highest common factor of 18 and z.
18
Suppose 7*p + 336 = 13*p. Suppose -6 = -2*b, 5*b - 71 = 2*i - 6*i. What is the highest common factor of i and p?
14
Let y(q) = q**3 - 30*q**2 + 51*q + 34. Let i be y(28). Let j = i - -141. Calculate the greatest common factor of 7 and j.
7
Suppose 59 = p - n, -79 = -5*p + 4*n + 217. Let c be 3/(-4) + 6045/p. What is the highest common divisor of c and 40?
20
Suppose -5*s + 3*l - 39 = -8*s, -26 = -2*s - l. Suppose -144*t + 62*t = -1066. Calculate the highest common factor of s and t.
13
Let g = -68 - -108. Suppose -n - 4*q = -10 + 13, 0 = 5*q + 10. Calculate the highest common divisor of g and n.
5
Let v(a) = 2*a**2 - 25*a + 13. Let r be v(12). Let f be (2/(-2) - -113)*r. Calculate the highest common factor of f and 7.
7
Suppose -3*w + 9 = 4*v - 19, 3 = w - 5*v. Suppose a = 0, -3*b + 4*a = -b - 80. Calculate the greatest common divisor of w and b.
8
Let f = -32 + 53. Let r(z) = z**3 - 26*z**2 - 54*z - 42. Let q be r(28). What is the greatest common divisor of q and f?
7
Let b(c) = 14*c**2 + 2*c. Let j be b(2). Let k(z) = 3*z + 9. Let o be k(-5). Let s be 16/o*(1 - 10). What is the highest common factor of s and j?
12
Let m = 14 + -20. Let f be 4/(-1 + (-9)/m). Let p = -6 + f. Calculate the greatest common divisor of p and 16.
2
Let t be 3 - 20/8*2. Let s be (t/(-4))/((-1)/(-8)). Calculate the highest common factor of s and 6.
2
Let v be (1 - (-3 + 5))*201. Let w = 281 + v. Calculate the greatest common factor of 16 and w.
16
Let t be 4/6 + 7758/27 + -2. Calculate the highest common factor of t and 44.
22
Let d = 3 + 25. Suppose 4*t = 4*u - 360, 4*t - 405 = u - 6*u. Suppose 0 = -3*f - 5*g + 225, 2*g + u = f + 7*g. Calculate the highest common divisor of f and d.
14
Let a be 196/(-21)*3/(-2). Let k = a + -2. Let y(r) = r**2 + r. Let o be y(5). Calculate the greatest common divisor of k and o.
6
Suppose -4*r = 1 - 5. Let x be 130/25 + (27/15 - 2). Suppose -w + x*d = 2, 2*d - 29 = -3*w - r. What is the greatest common divisor of 88 and w?
8
Suppose 0 = -4*h + 31 - 11. Suppose -w + 32 = -2*c, -h*c = -2*w - 10*c + 28. Let u = 17 - 11. Calculate the greatest common factor of w and u.
6
Let d(t) = -t + 3. Let v(z) = 5*z - 13. Let l(i) = -9*d(i) - 2*v(i). Suppose -6*q - 30 = -3*q. Let r be l(q). What is the greatest common divisor of 72 and r?
9
Let j = -502 - -567. What is the highest common divisor of 455 and j?
65
Suppose 37 = -13*c + 1675. What is the highest common divisor of c and 42?
42
Suppose 4*h = 3*i + 36, 4*i - 2*h + 48 = 3*h. Let f be ((-56)/i)/(2/6). What is the highest common divisor of 21 and f?
7
Let m = 1367 + -1172. What is the greatest common divisor of m and 39?
39
Let r = 4 + 35. Calculate the greatest common factor of 9 and r.
3
Suppose -5*r = r - 36. Suppose 0 = v + v + r, 4*v = -4*b + 24. Suppose -3*h = 2*h - c - 89, 5*c - 5 = 0. Calculate the highest common factor of b and h.
9
Let i be 24/(-108) + -3 + (-119)/(-9). Calculate the highest common divisor of i and 110.
10
Suppose -480 = -2*d - 104. Suppose 0 = 4*a - 0*a - d. Suppose 3*g = -n + a, -2*g + 3*n = -7 - 6. What is the highest common divisor of 28 and g?
14
Let o(g) be the second derivative of 17*g**4/12 + 7*g. Let b be o(1). Suppose -4*x = 5*v - 162, 5*x = 1 - 11. Calculate the greatest common factor of v and b.
17
Let p be (-2 - -1)*(-1 + -19). Suppose 18*x + 89 = 629. Calculate the highest common factor of x and p.
10
Let v = 13 + 8. Suppose v - 1 = k. Suppose 5*t + 0*t = k. Calculate the highest common factor of t and 44.
4
Suppose -s - 30 = -4*s. Let o(t) = -t + 13. Let g be o(s). What is the greatest common divisor of 21 and g?
3
Let r be (-46 + 106)/((-2 - -3) + 0). What is the greatest common divisor of r and 165?
15
Suppose 4*g = -2*n - 50 + 558, g - 5*n = 116. Calculate the highest common factor of g and 441.
63
Suppose 4*n = -5*q + 50, 4*n = -3*q + 9*n + 30. Suppose 5*t - 100 = 2*l, 0 = -t + l + 17 + 3. What is the highest common divisor of t and q?
10
Suppose -59*z + 450 = -966. Calculate the highest common factor of 112 and z.
8
Suppose 3*t + 12 = 0, 3*p = -t - 23 - 137. Let l = -4 - p. What is the highest common factor of l and 12?
12
Let n be (975/(-50))/(-2*1/12). What is the highest common divisor of n and 45?
9
Suppose 52*l = 54*l - 140. What is the highest common divisor of 30 and l?
10
Let j(s) = s**3 + 10*s**2 - s - 7. Let x be j(-10). Suppose -x*h + 70 = 2*h. Let v = -284 + 305. What is the highest common divisor of h and v?
7
Let l(a) = -a**2 - 26*a + 525. Let t be l(12). What is the greatest common divisor of 1863 and t?
69
Let h = 1 - 0. Let y(j) be the second derivative of -j**4/12 - j**3 - 2*j**2 - 4*j. Let p be y(-5). Calculate the highest common factor of h and p.
1
Suppose 0 = 3*u - 5*y - 49, 4*u = 2*u + 5*y + 41. Calculate the greatest common divisor of 344 and u.
8
Let y = -28 + 32. Suppose y*r = -r + 145. Calculate the greatest common divisor of 203 and r.
29
Suppose -2*n + n + 25 = 0. Let u(o) = 2*o + 16. Let f be u(-6). Suppose 5*i = 3*w - f*w + 61, 2*i = -w + n. What is the greatest common factor of 24 and i?
12
Let q = -833 - -944. Calculate the greatest common factor of 444 and q.
111
Suppose 3*l - 498 = 3*w, 5*l + 113 = 3*w + 947. Suppose -j = 5*j - l. Let c = -5 + 201. What is the highest common factor of j and c?
28
Let g = -745 - -800. Calculate the highest common divisor of g and 1045.
55
Let c(q) = q**2 - 5*q + 3. Let f be c(4). Let h be 3 + (f - 2/2). Let j = 12 + -8. What is the greatest common divisor of j and h?
1
Let h(s) = 3*s**3 + 7*s**2 - 4*s - 8. Let v be h(6). Calculate the greatest common factor of 31 and v.
31
Suppose 28*o + 5220 = 58*o. Calculate the greatest common divisor of o and 58.
58
Let w = -1811 + 2323. What is the highest common factor of 48 and w?
16
Suppose 3 = 2*r - 1. Let q be (1 + -16)*(-2)/r. What is the greatest common factor of q and 45?
15
Let k be (12/(-24))/(2/(-128)). Suppose 4*h - 4*l = 144, -3*l = -3*h + 2*h + k. Calculate the greatest common factor of h and 19.
19
Let g(t) = 5*t**2 - t + 1. Let v be g(2). Let h = 365 + -327. What is the greatest common divisor of h and v?
19
Suppose -2*a + 30 = 2*f, -8*a + 4*a + 3*f + 60 = 0. Let u(r) = r**2 - 11*r - 4. Let o be u(9). Let t = 32 + o. Calculate the highest common factor of t and a.
5
Let r = -235 + 372. Let s = r - -124. Calculate the highest common divisor of s and 29.
29
Let i = -390 - -418. Calculate the greatest common factor of i and 126.
14
Suppose 3*a = 4*u - 351, u = -26*a + 29*a + 81. What is the highest common divisor of u and 42?
6
Let r = 879 - 849. What is the greatest common factor of r and 30?
30
Let k be ((-2)/3)/((-5)/90). Let u be 7/2 + (-3)/6. Suppose a + 72 = u*a. Calculate the greatest common factor of a and k.
12
Let k(x) = -x**3 + 3*x**2 - x + 3. Let l be k(2). Suppose 5*f = 34 - 9. What is the greatest common divisor of f and l?
5
Suppose 0 = 2*n - 4*n - 34. Let f be (-16)/24 - (-303)/9. Let d = n + f. Calculate the highest co